*i + 8. Let r be q(-4). Suppose l - 3*d + d = 8, -56 = -4*l - 4*d. What is the remainder when 1/r + 405/l is divided by 18?
16
Let o be -1 - (3 + 3 + -6). Let u(q) = q + 7. Let f(j) = j - 1. Let c(k) = o*u(k) - 4*f(k). Calculate the remainder when 46 is divided by c(-3).
10
Let a = -2202 + 2261. Calculate the remainder when 352 is divided by a.
57
Let q = -37 - -63. Calculate the remainder when ((-2)/(-13))/(-1) + (-3984)/(-39) is divided by q.
24
Let q(d) = 3*d**2 + 18*d + 20. What is the remainder when q(-9) is divided by 40?
21
Let q(i) be the second derivative of -2*i**5 - i**3/6 - i**2 + 16*i. What is the remainder when 114 is divided by q(-1)?
36
Let i(j) = j**3 - 17*j**2 + 17*j - 10. Let q be i(16). Let u(m) = m**3 - 4*m**2 - 7*m - 8. What is the remainder when u(q) is divided by 13?
9
Suppose -x - 984 = -9*x. What is the remainder when x is divided by 33?
24
Let i(u) = u + 2 + 2*u**2 - 2. Suppose -100 = -o - 4*o. What is the remainder when i(4) is divided by o?
16
Let h be (-1)/(2/(-200)*2). Suppose -f = 4*f - h. Let g(r) = r**2 - 52*r - 2105. What is the remainder when g(79) is divided by f?
8
Let q be (-8)/32 + 0 + (-17)/(-4). Calculate the remainder when 5*(1 + -11)*-1 is divided by 1/(q - (-51)/(-13)).
11
Suppose 3*s = 4*w + 147, -s - w + 43 = 1. What is the remainder when 216 is divided by s?
36
Let g = 0 + 0. Suppose i - 1 - 20 = g. Suppose 0 = -3*x - 5 + 128. Calculate the remainder when x is divided by i.
20
Suppose 4*d - 42 = -2. Let x(m) = -m**2 - 13*m. What is the remainder when x(-9) is divided by d?
6
Suppose -29*k + 26*k + 54 = 0. Calculate the remainder when k is divided by 8.
2
Suppose -99 - 37 = -z. Let u = 72 + -37. Calculate the remainder when z is divided by u.
31
Calculate the remainder when 205 is divided by (-39)/2*(-106)/159.
10
Suppose -186*o + 59*o + 3556 = 0. Let t = 764 - 543. What is the remainder when t is divided by o?
25
Suppose -2 = 5*p + 3. Suppose 3*z + 6 = -d + 3, -4*z = 0. Calculate the remainder when (p/d)/(1/39) is divided by 5.
3
Suppose -b + 15*b - 448 = 0. Calculate the remainder when 1023 is divided by b.
31
Let g(c) = -7*c - 3. Let h be (-90)/(-16) + (-30)/(-80). What is the remainder when g(-5) is divided by ((-4)/h)/(11/(-198))?
8
Suppose 9*o - 223 = -7. Calculate the remainder when 116 is divided by o.
20
Let z = -453 + 528. Let u be (12 - 3) + -1 + -3. Suppose 0*k + 95 = u*k. What is the remainder when z is divided by k?
18
Suppose -4*r - 8*s + 164 = -9*s, -4*r = -3*s - 180. What is the remainder when r is divided by (-7 - 2)/((-3)/2)?
3
What is the remainder when -2*3/9 - 3116/(-12) is divided by 52?
51
Suppose 5*w + 5*o + 46 = 2*w, -3*o - 36 = 3*w. Let t = 7 + w. What is the remainder when 22 is divided by 12/10*(t - -10)?
10
Let n(q) = -5*q - 17. Let p = -18 + 66. What is the remainder when p is divided by n(-7)?
12
Let k be (-2 - 0)*((-3)/(-1) - 5). Suppose k*z - 48 = 4*m, 3*z - 50 + 9 = -2*m. Let a = 15 + -10. What is the remainder when z is divided by a?
3
Suppose -l = -2*p - 228, 3*l + 4*p = 32 + 692. Calculate the remainder when l is divided by 60.
56
Calculate the remainder when 33 is divided by 2 + 2 + (-2)/(-1) + 1.
5
Let o(v) = v**2 - 6*v - 5. Let z be o(7). Suppose 115 = 3*h + 2*t - 71, 0 = z*t. Calculate the remainder when h is divided by 32.
30
Let o(h) = -h**2 + 65*h - 509. What is the remainder when o(53) is divided by (-254)/(-6) - (-2)/3?
41
Let m = 1 - 8. Let s(i) = i**3 + 7*i**2 - 3*i - 3. Let p(y) = 26*y + 1. Calculate the remainder when p(2) is divided by s(m).
17
Suppose 0 = 2*j - 26*j + 4128. What is the remainder when j is divided by 11?
7
Suppose 0 = -2*w + 6*w - 212. Suppose 0 = 13*g + 34 - 151. Calculate the remainder when w is divided by g.
8
Calculate the remainder when (-1911)/52*(-20)/15 is divided by 13.
10
Let g be 14/3 - (-2)/6. Suppose 4*t = 5*i - 26, -3*t + 2 = g*i - t. Suppose -i*a + 69 = a. What is the remainder when a is divided by 8?
7
Let s = -1 + 3. Let d(p) = 11*p - 1. Let k be d(s). Calculate the remainder when 77 is divided by 9/21 + 411/k.
17
Let m(b) = b**3 - 21*b**2 + 5*b - 64. What is the remainder when m(21) is divided by 12?
5
Let p = -273 + 315. What is the remainder when p is divided by 22?
20
Let v(y) = 132*y + 3. What is the remainder when v(1) is divided by 28?
23
Calculate the remainder when 2/3 + 408/9 is divided by -3 - -30*18/36.
10
Let h be 1/1*(3 - 0). Suppose p + 66 = h*p. What is the remainder when p is divided by 4/10 + 83/5 + -5?
9
Let c(v) = 3*v - 7 - 7 + 10*v + 1. Let t = -27 + 45. What is the remainder when c(5) is divided by t?
16
Suppose -n - 40 = -3*f + 1, -5*n = 4*f - 80. What is the remainder when 99 is divided by f?
9
Let b = -19 - -31. Suppose 92 = -x + 99. What is the remainder when b is divided by x?
5
Suppose -11*g = -25 - 19. Suppose -3*b = g*d + 2*b - 252, 4*d - 260 = -3*b. What is the remainder when d is divided by 14?
12
Let f(p) = 4*p**3 - p**2 - 12*p + 21. Calculate the remainder when f(2) is divided by 24.
1
Let l = 15 + -10. Suppose -l*v + 3 = 73. Let u = 0 - v. What is the remainder when 38 is divided by u?
10
Suppose 12*g = 9*g + 36. Calculate the remainder when 66 is divided by g.
6
Let g = 1080 - 957. Calculate the remainder when g is divided by 3.
0
Let p(f) = -11*f**3 - f**2 - 2*f - 1. Let n be -3 + 0 + 1/1. Let m be (n/(-4))/((-3)/6). What is the remainder when 54 is divided by p(m)?
10
Suppose -8*u + 4*u + 20 = -2*n, -n = -3*u + 14. Suppose 5*q = 2*q + 27. Calculate the remainder when q is divided by u.
1
Suppose 3*u = 4*f + 252, 4*f + 0*f + 420 = 5*u. Calculate the remainder when u is divided by 44.
40
Suppose -6*n = 17*n - 1357. What is the remainder when n is divided by 37?
22
Let i = -188 + 363. What is the remainder when i is divided by 11?
10
Suppose -88 = -24*j + 56. Let i = 8 - -2. Calculate the remainder when i is divided by j.
4
Let i(d) be the first derivative of -3*d**2/2 + 5*d + 5. Calculate the remainder when i(-10) is divided by 19.
16
Suppose -5*a = -1110 - 2695. What is the remainder when a is divided by 7?
5
What is the remainder when -3*1/(-1) - (4 - 93) is divided by 19?
16
Suppose -72*z + 66*z + 72 = 0. Suppose 0*s - 4*s - 67 = -3*i, -2*s = 2*i - 40. Let f = i - z. Calculate the remainder when 23 is divided by f.
5
What is the remainder when 189 is divided by 146/5 + (-3)/15?
15
Let h = 0 - -5. Suppose -3*q + h*z = -36, 2*q + z = 6*q - 48. Calculate the remainder when q is divided by 5.
2
Let u(v) = -v**3 - v + 33. Let y be u(0). Calculate the remainder when 53 is divided by 0 - -4 - 3/((-9)/y).
8
Suppose 3*x = 71*g - 67*g - 1189, 4*x - 1196 = -4*g. What is the remainder when g is divided by 120?
58
Let r(i) be the first derivative of i**3/3 - 3*i**2/2 + 13*i + 25. What is the remainder when r(-8) is divided by 26?
23
Suppose 2*a - 154 = 2*f, 20 = -3*f - 2*f. Calculate the remainder when 115 is divided by a.
42
Let a(i) = -i**2 + 8*i + 5. Let b be (21/(-6))/((-2)/4). Suppose -2*y + 10 = -s, 3*y - 37 = -8*s + 4*s. What is the remainder when a(b) is divided by y?
5
Suppose 1932 + 2492 = 14*q. What is the remainder when q is divided by 32?
28
Let p = -69 + 129. Let y = p + -39. Suppose 2*h + 4*w - 4 = 0, -5*w = -3*h - 10*w + 8. Calculate the remainder when y is divided by h.
3
Let g(h) = -h**2 + 2*h + 22. Let u be g(0). Suppose -17*d - 20 = -u*d. Calculate the remainder when 19 is divided by d.
3
Suppose -4*y - 36 = -6*y. Suppose -x + y + 16 = -3*r, -3*x + r + 62 = 0. Let u = 42 - -13. What is the remainder when u is divided by x?
17
Let m(i) = i**3 - 13*i**2 - 38*i + 15. Calculate the remainder when m(16) is divided by 64.
47
Let a be (80/(-2))/4 + -4. Let k = a - -138. Suppose 0 = -w - 4*y + 55, -4*w + k + 26 = 2*y. What is the remainder when w is divided by 9?
8
Let u(w) = 4*w**2 - 18*w + 5. Let y = 33 - 28. Suppose 0*z + 2*z - 54 = 0. Calculate the remainder when z is divided by u(y).
12
Suppose -9 = 3*y - 3*h, 12 = -4*y - 0*h - 3*h. What is the remainder when 59 is divided by -2*14*y/4?
17
Suppose 775 = 3*n + 4*u, 5*u = -2*n + 41 + 478. Calculate the remainder when n is divided by 9.
5
Let m(f) = 3*f**2 - f + 1. Suppose 2*o + 7 = 9. Let x be m(o). Suppose p + x*n - 21 = -3*p, -3*p + 12 = n. Calculate the remainder when 5 is divided by p.
2
Suppose 20*m - 13 = 107. S